69
(6 - (47 + 1 + -6)) + (-36 - -25 - -17)
-30
0 + -5 - (13 - (-109 - -67 - (0 + -4)))
-56
Evaluate (-74 - -86 - (3 - -6)) + 39.
42
-7 - -3 - (78 - 79)
-3
2 - (-13 + 26 + 11 - -2)
-24
What is the value of -9 - 3 - (-1 + (-2 - 10) + 24 + -102)?
79
What is the value of (-163 - 0) + (107 - 35 - 49) - (1 + -11)?
-130
What is the value of 8 - -36 - (37 + 26 + -49)?
30
What is (2 - 3 - (1 + 127)) + (198 - (372 - 174))?
-129
Evaluate -37 + 57 + 28 + -51.
-3
Calculate -62 + (-22 + 7 - -15 - -16 - 11).
-57
Evaluate 33 + (-71 + 20 - 27).
-45
(25 + -2 + -35 - (0 - 5)) + 1 + -5
-11
-9 + 23 + (5 - 12) + -8 - -23
22
24 + 44 + -33 + -35 + 5 + 2
7
-3 - (3 - 5) - (-177 - -195)
-19
What is the value of (23 - -3 - 15 - -52) + 8 + (7 - 2)?
76
What is the value of (4 - (49 - 43)) + -6 + 83?
75
What is (-11 - -5 - -3) + (14 - 28 - 10)?
-27
What is 170 - (78 + 45 + 18)?
29
((-52 - -58) + (-19 - -2) - 1) + 71
59
-7 - (-2 + -2 + -8 + 5 + 2 - -3)
-5
Calculate -4 + 1 + 310 + -288 + (-11 - 3 - 3).
2
Calculate (-70 - (-14 + 74)) + 63.
-67
What is the value of 73 + (1 - (56 + (-32 - -5)))?
45
Evaluate 84 - (-29 + -38 + 89).
62
12 + (2 + (-3 - -7) - -3) + -7
14
Calculate -61 + 45 + 69 + -48.
5
(9 - (-10 + (-11 - -52)) - -6) + 88
72
13 + 16 + (-3 - 4) + -68 + -5
-51
What is the value of (-5 - -11) + (-5 - -1 - -3) + 19 + -15?
9
Evaluate (17 - 30) + -15 + 4 + 1 - (3 + 1).
-27
(54 - 3 - (-155 + 135)) + 19 + -17
73
What is the value of 1 + -52 + (205 + 131 - 354)?
-69
Calculate 9 - (-56 - -58 - ((-72 - 2) + 1) - 10).
-56
37 + -66 + -41 + 34
-36
What is (39 - (58 - 57)) + 31?
69
Calculate -5 - (9 + -2 + (-24 - -122) - 16).
-94
What is the value of (-39 - (18 - 3 - 27)) + -2?
-29
Calculate (1 - 0) + -99 + (137806 - 137767).
-59
14 + ((24 - 20) + (-7 - -4) - (0 + 3))
12
Calculate (22 - 1) + -23 + 1 + -9 + 24 + -3.
11
11 - (1 + -13 + -94 + 69)
48
0 - (-123 + (20 + -8 + -27 - -11))
127
Calculate -30 + (-61 - -135) + 0.
44
What is the value of -26 - -80 - 41 - (-1 - -15) - (45 + 2)?
-48
-104 + -61 + 109 + -10
-66
(-16 - -21) + (38 - 54) + 0 + -29
-40
(12 + 0 - 0 - 2) + (-39 - (25 + -10))
-44
Calculate 10 + (38 - 6) + -12 + -14.
16
What is (-4 - -2) + (-1 - 54) - (-476 - -466)?
-47
What is the value of -30 + (-25 - -79) - 16?
8
(25 - 60 - -41 - 61) + 18
-37
Calculate 795 + -768 + 3 + -48 + (42 - -1).
25
What is (-1 - 11) + 2 + -78 + (53 - 19)?
-54
What is the value of (2 - (-39 - -22)) + -35?
-16
Evaluate 84 + -4 + 0 - ((6 + 11 - -4) + -10).
69
-36 + (42 + 113 - 71)
48
What is -109 - (-14 - -13) - -200?
92
Evaluate -48 + 41 + -11 + -2.
-20
What is 88 + -2 + -6 + (7 - 25)?
62
-7 + 0 + 68 + -3 + -21
37
(25 + -16 + 14 - 12) + (3 - 5) + -31
-22
Evaluate (129 - -62) + -84 + -35.
72
3 - 1 - 12 - (2931 + -2956)
15
What is the value of -143 - (-160 - (49 + -19))?
47
What is -38 - (24 - 113 - -49)?
2
Evaluate (1 - -41) + (-38 - -8 - -33) + (1 - 2).
44
Evaluate (97 - 132) + (78 - 9).
34
What is the value of (7 - (-26 + -27 + 24)) + -24?
12
Calculate -13110 + 13101 - (1 + -1 + -73 + -1).
65
What is -14 - (-1 + -19 - (304 + -315)) - 10?
-15
Calculate -12 - (-9 + 8 + -12 + (7 - -7)).
-13
-15 + (3 + -92 - -133)
29
What is (-67 - -61 - -1) + (6 - -44) + -1?
44
What is (31 + (7 - 29) - (2 + -15)) + 97?
119
What is the value of -13 + -8 + -3 + 41 + -19?
-2
What is (78 - 168 - -68) + (21 - -2)?
1
What is -74 + -8 + -35 + 70?
-47
Evaluate -1 + 2 + (-2 - 0) - (836 - 861).
24
What is the value of 11 + -7 + 0 - (101 - (34 + -8))?
-71
Evaluate -1 + -9 + 31 - 8 - 3 - (57 - -4).
-51
What is (0 - 18) + 340 + -283 + 3 + -2?
40
25 - (-61 - (-6 + (-40 - -19)))
59
Evaluate -1 + -1 + (-4 - 0) + 73 + 137 + -79.
125
Calculate 42 + 33 + (5 - 31) + -9 + -1.
39
(14 - (2 + (27 - 14)) - -7) + -45
-39
Calculate 80 + -183 + 56 + 22.
-25
What is the value of -45 - (-24 - (-51 - -66))?
-6
Evaluate (-51 - -27) + (-69 - -134).
41
What is 4 + -21 - (-4 - 2 - -22)?
-33
What is 111 + -111 - ((-5 - -5) + 43)?
-43
What is 4 + 1 - (-2 + -1 + (645 - 626))?
-11
Calculate (43 - 67) + -44 + 58.
-10
What is the value of -2 + -1 + -3 + (0 + 6 + -8 - 3)?
-11
What is 2 - (15 - (-5 - (-2 + (8 - 12))))?
-12
What is the value of -43 + (32 - 0 - 11)?
-22
Evaluate (-52 - (1 - 34) - (-2 + 1) - -8) + 99.
89
Calculate 24 + (-49 - -24) + 7 + (-118 - (-3 + 5)).
-114
What is the value of (9 - (7 + 24)) + (170 - 152)?
-4
Calculate -2 + (0 - -4) - (-15 + 9 + (10 - 5)).
3
6565 - 6503 - (-2 + -1 + 29)
36
Evaluate 71 + -45 - (-10 - -21).
15
1 - -6 - (565 + -560) - 91
-89
Calculate 0 + (1 - -1) + (-9 - -13) - (65 - 10).
-49
What is the value of 13 + (2 - -1) - (1668 + -1686)?
34
Calculate -18 + (-5 - -1) + (-49 - -52).
-19
What is -18 + 5 + 6 - (0 - (6 + 0))?
-1
Calculate 90 - ((2 - 0) + (136 - 149) - -2) - 13.
86
500 + -488 - (-1 + -24 + -1)
38
What is the value of -28 - -10 - (-99 + 9)?
72
Evaluate -26 + (-16 - (15 - 26)) + (4 - (-12 + 0)).
-15
Calculate -27 - 1 - (14 + -66 - -89).
-65
Evaluate 54 + 2 + -34 + -14.
8
What is 4 + (7 - 0) - (12 + -4) - 81?
-78
Calculate (121 - 104) + -55 - 18.
-56
What is 403 - 384 - ((0 - 1) + -9)?
29
What is 1 + (-1 - 1) + (-35 - (-2 - (-9 - 27)))?
-70
What is the value of -12 + -24 + (0 - -34) + (14 - 0)?
12
Evaluate 14 - (-12 + 5 + 0 + 10 + -15).
26
-7 + (-8 + 13 - -6 - (-13 + 30 + -19))
6
Calculate 3 - ((13 - 17) + (19 - 2 - 2)) - -85.
77
What is the value of (-15 + 14 + -16 - -92 - (2 - 1)) + -5?
69
Calculate ((4 - (1 + -3 - 68)) + -2 - 1) + -8.
63
(0 - 31 - -2) + (-50 - -32) + 17
-30
What is -4 + (-1 - 8 - (-16 - (40 - 36))) - -2?
9
What is -401 + 383 - (4 + -1 + -7 + 16 + 0)?
-30
What is the value of (22 - -28 - 57) + 18 + 2?
13
Calculate 2 + 2 - (453 - 443 - (2 + 9)).
5
(0 - 21 - -25) + -2 + 0 - (1 - 19)
20
What is -5 + (-43 + 4 - -10)?
-34
What is the value of (-66 - -13) + (-22 - -73)?
-2
83 + -63 + -1 + -6 + 8 + -14 - 84
-77
What is -23 - 0 - (-46 + (28 - 2))?
-3
What is the value of -614 + 621 + 67 + 4 + 4 + -3?
79
Evaluate 0 + 48 + (-4 + 67 - 70 - (2 - -1)).
38
Calculate -34 + 1 - (3046 + -3131).
52
(-36 - -32 - ((0 - -4) + 46)) + -8 - -4
-58
What is 13 + -26 + (11 + -23 - -94) - (-15 - -3)?
81
Calculate (0 - 6) + -4 + (42 - (-64 - -198)).
-102
(-20 - 2) + (94 - 63) + (-9 - 0) - 27
-27
-155 + -2 + (33 - 42 - (-15 - (25 + -30)))
-156
What is the value of -11 + 2 + (-76 + -6 - -168)?
77
Evaluate (-23 + -13 - (4 - (-24 - -16))) + 10.
-38
Evaluate -81 + 3 + 16 + 31.
-31
Evaluate -2 - 2 - (13 + 49 + -20 + -23).
-23
What is the value of 215 + -201 - (1 - -2 - (-83 - -8))?
-64
Calculate -93 + 51 - -122 - -4.
84
(-2 - -12 - (6 - -1)) + (-75 + 1 - -1)
-70
Calculate 1 + (23 - 1) + 82 + (-187 - -109).
27
2 + 25 - 0 - ((-15 - -45 - 16) + -19)
32
Evaluate -56 + -6 + 11 + 1 + (-21 - (13 + -19)).
-65
What is 55 - -156 - 247 - (12 - -1)?
-49
What is the value of 7 - (64 + -17 - 54)?
14
What is the value of -25 + (4 - (12 + (-23 - -3)))?
-13
Evaluate -54 + (34 - (8 - 31)).
3
99 + -112 + 9 + 43
39
Calculate (-1 - -22) + (-4778 - -4753).
-4
Calculate 22 + (-53 - -2) + 0 + 65.
36
What is (146 - 70 - 69) + (1 - -41 - 1)?
48
-12 + (-28 + 12 + 18 + 2 - (0 - 58))
50
Evaluate -8 + ((16 - 13) + -7 - -2 - -6).
-4
What is (-25 - -44) + -22 + 30 - 22?
5
Calculate -4 + 2 + (-1 + -9 - (-34 + 60 - 111)).
73
(2 - 11 - -9) + 1 + 67 + (-9 - -2)
61
Calculate 70 - (145 - 27) - -26.
-22
What is -10 + 24 + 27 + -111?
-70
Evaluate -40 + (6 - -6) + (1 - 2) + -40 + 23.
-46
20 - -6 - (19 + (22 - 24)) - 69
-60
Calculate 3 + -15 + (15 + 24 - 14) - -4.
17
What is -72 + (-9 - -27 - -1) - (3 - (0 + -2))?
-58
Evaluate -2 + (452 - 495 - (-21 + 2 + -1)).
-25
What is the value of (-3 + 0 + 6 - 47) + (15 - (11 - -8))?
-48
What is 2 + 71 - (-2396 + 2449)?
20
What is the value of 0 - (4 + -36) - (2 - -15)?
15
What is -10 - (-71 - 0 - (-444 - -428))?
45
What is the value of 3 - 12 - (8 - 14 - (-1 - 3 - -34))?
27
Evaluate 10 - (-4 + (136 - (6 - 19 - -13)) - 10).
-112
What is the value of 21 + (-15 - 4) + (37 - 24)?
15
Evaluate 1 + 1 + 2 + (143 - (349 + -292)).
90
(31 - 11) + 14 + -3 + -30
1
Evaluate 1 + 59 + (47 - 51 - 5) + 1 + 6.
58
109 - 93 - (11 - (-14 + 10)) - (-1 + 16)
-14
What is the value of -2 - (4 + -27) - (69 - 25)?
-23
What is the value of -23 + (13 - 3) + -10 + 8 + -28?
-43
Calculate -1180 + 1218 + (-30 - 2).
6
3 + -3 + 0 + 5 - (-120 - -134) - -38
29
